)/y).
3, 73
Let c(r) = r**2 + 3*r + 5. Let o be c(-3). Suppose 2*x + 648 = o*x. Suppose -3*n + x = 3*y, 4*n + 145 = 2*y + 5*n. List the prime factors of y.
73
Let p(h) = 562*h - 83. Let o be p(5). List the prime factors of 2*-1 + o/(-18)*-4.
2, 151
Suppose 0 = 51*g - 126*g + 114675. List the prime factors of g.
11, 139
Let m(v) = -75*v**3 + v**2 - 6*v + 3. Let f be m(2). Let w = f - -867. What are the prime factors of w?
2, 131
Suppose 2*y - 8*y = -1866. Suppose 0 = 5*w - 369 - y. Let f = -87 + w. What are the prime factors of f?
7
Let j(w) = 664*w**2 + 159*w + 833. What are the prime factors of j(-6)?
17, 1399
Suppose -9*w + 338761 = -2618. What are the prime factors of w?
83, 457
Let x = 62158 + -7195. List the prime factors of x.
3, 31, 197
Let m = 12166 - 5155. What are the prime factors of m?
3, 19, 41
Let c(y) = 16*y - 24. Let t be c(13). Suppose -8*k + t + 440 = 0. List the prime factors of k.
2, 3, 13
Let g be ((12/(-8))/1)/(12/(-32)). Suppose 2*q - 4*q = 5*i - 832, -g*q = 3*i - 488. List the prime factors of i.
2, 3, 7
Let u = -35476 + 62648. List the prime factors of u.
2, 6793
Let w be ((-27)/54)/(3/(-66)). Suppose 6*p = -3*i + w*p + 313, -20 = 4*p. What are the prime factors of i?
2, 3
Suppose 49242 - 6482 = 10*k. Suppose 1666 = -58*c + k. List the prime factors of c.
3, 5
Let f(x) = -x**3 + 5*x**2 + 2. Let j be f(4). Suppose c - j = -2*i, 4*c + 3*i - 116 = -29. List the prime factors of (-14 - 1)*(-88)/c.
5, 11
Let h(t) be the second derivative of t**4/2 - 5*t**3/3 + 4*t**2 + 21*t. Let y be h(5). Let l = 203 - y. List the prime factors of l.
5, 19
Suppose 34*w = 32*w + 6, 3*g = 2*w + 3066. What are the prime factors of g?
2
Let h(n) = -3*n**2 + 70*n - 14. Let s(u) = -u**2 + 17*u - 39. Let t be s(5). List the prime factors of h(t).
7, 19
Suppose -19*l + 60*l = -205. List the prime factors of (3804/3 - -2) + l + 8.
19, 67
Suppose 35*s - 1207989 = 7141. What are the prime factors of s?
2, 17359
Let s = 46 - -2. Suppose -23*t + 140 = -136. What are the prime factors of 15/4 + t/s - -228?
2, 29
Let m(x) = -244*x + 5109. What are the prime factors of m(-60)?
3, 29, 227
Let d be (-2 - -4)/(3/(27/6)). What are the prime factors of (d + 231/(-28))/(3/(-928))?
2, 7, 29
Let y(p) = -3*p - 20. Let j be y(-8). Suppose -2*b = 5*f - 71, -2*f + 154 = 3*b - j*f. Suppose 5*z - b = -4*d - 9, -1 = -d. List the prime factors of z.
7
Let a(w) = 2*w - 3. Let l be a(4). Suppose 0*i - 512 = -i. Suppose -5*q - 5 = 0, q - i = -l*c + 3*q. What are the prime factors of c?
2, 3, 17
Suppose -w + 4*g = 4*w + 6, 2*g - 14 = -3*w. Suppose 3*z = 3*j + 450, 6*j - j + 312 = w*z. List the prime factors of z/1 - (1 + 1).
2, 3
Suppose j = -8, -v + 4*j + 26893 = -2719. List the prime factors of v.
2, 3, 5, 17, 29
Let f(d) = 12*d + 402. Let s be f(-47). Let y = s - -428. What are the prime factors of y?
2, 7, 19
Let h = 7465 + -6437. List the prime factors of h.
2, 257
Let w(b) = 18*b**2 + 33*b + 137. List the prime factors of w(-24).
11, 883
Let c = 4054 + -2619. List the prime factors of c.
5, 7, 41
Let y be -2 - (-4 - 363/1). Suppose -127 = -x + 3*w, 3*x = w + 4*w + y. List the prime factors of (x/20)/(1/8).
2, 23
Let m = -2026 - -5744. What are the prime factors of m?
2, 11, 13
Suppose 0 = -2*j - 2*t + 140, -4*j + 115 = 5*t - 170. Suppose 17*d + j = 4*d. Let v(n) = 6*n**2 + 10*n - 4. What are the prime factors of v(d)?
2, 3
Let t = -349 - -19. Let n = t - -596. List the prime factors of n.
2, 7, 19
Suppose 11*h + 33 = 0, -3*t + 4*h + 180894 = 5*h. List the prime factors of t.
17, 3547
Let l(k) = 13 - 2 + 0 + 2*k**2 - 17*k. Let p be l(8). Suppose -p*i + 3*u = -i - 147, 5*i = u + 361. List the prime factors of i.
2, 3
Let q = 127 + -276. Let l = -14 - q. Suppose 0 = h - 0*h - l. List the prime factors of h.
3, 5
List the prime factors of (728/8)/(7*(-4)/(-3108)).
3, 7, 13, 37
What are the prime factors of (132432/32 - -17)/((-2)/(-8))?
2, 8311
Let r(b) = b**3 + 9*b**2 - 11*b - 5. Let n be r(-10). Suppose -2*o + 407 = m - 516, n*m - 2*o = 4639. List the prime factors of m.
3, 103
What are the prime factors of (7015/(-345))/(1/(-1473))?
61, 491
Let s = 265 + -212. Suppose -s*p = -70*p + 12019. What are the prime factors of p?
7, 101
What are the prime factors of 43386*(11 - 74/7)?
2, 3, 1033
Suppose 38*a - 26577 = 17123. Suppose -8*j + a = -6*j. What are the prime factors of j?
5, 23
Let a = -16 - 15. Let s be 1*(-15)/5 + -40. Let o = a - s. List the prime factors of o.
2, 3
Suppose 260 = -r - 13. Let h be r*(15/4)/((-77)/88). Suppose 5*x - h = -5*x. What are the prime factors of x?
3, 13
Let u = 2329 - 284. What are the prime factors of u?
5, 409
Let t(r) = 118*r + 88. Let b(u) = 590*u + 440. Let l(g) = -3*b(g) + 14*t(g). What are the prime factors of l(-7)?
2, 3, 41
Suppose -49*o + 125170 = -57002 + 36054. List the prime factors of o.
2, 3, 7, 71
Let t = 37211 + -25374. What are the prime factors of t?
7, 19, 89
Let u = -123 - -124. Suppose -4*g = b + u, -g - 7*b + 4*b = -8. List the prime factors of (g/1)/((-24)/1344).
2, 7
Let a(b) = 16*b**3 - 2*b**2 - 3*b - 8. Let p be a(3). Let n = p - 111. List the prime factors of n.
2, 11, 13
Suppose 13*q = 4*q + 18. List the prime factors of 5 + (q - 4) - (-1039 - 7).
1049
Suppose 244328*x = 244331*x - 211668. List the prime factors of x.
2, 31, 569
List the prime factors of (-570)/(-35) + -16 - 906776/(-14).
2, 3, 5, 17, 127
Let m = 55758 + -16128. List the prime factors of m.
2, 3, 5, 1321
Let y(x) = -117*x**3 - x**2 + 2. Let k = -598 - -596. What are the prime factors of y(k)?
2, 467
Let c(b) be the third derivative of -b**4/2 + b**3/3 - 11*b**2. Let q be c(-12). Let z = -76 + q. List the prime factors of z.
2, 5, 7
Suppose -53 = -2*r - 2*p + 95, 2*p = 3*r - 197. Suppose 0 = 2*a - r - 375. What are the prime factors of a?
2, 3, 37
Let w(j) = -83*j**3 - 4*j**2 - 13*j - 5. Let b be w(-2). Suppose 6*r - b = 57. What are the prime factors of r?
11
Let m = -8 + 7. Let x(b) be the third derivative of -47*b**4/6 - b**3/3 + 5*b**2. What are the prime factors of x(m)?
2, 3, 31
Let s be (-4)/(126/(-24) - -5). Suppose -s = -4*y + 172. List the prime factors of y.
47
Suppose -34212*j = -34204*j - 86632. What are the prime factors of j?
7, 13, 17
Let g(j) = -5*j + 149. Suppose 109*v = 115*v - 18. What are the prime factors of g(v)?
2, 67
Suppose -5*t = u - 19, -2*t + 7 = -4*u + 17. Suppose -3*c - 9 = 0, 0*c - 1014 = -2*h - u*c. What are the prime factors of h?
3, 19
Let z(b) = 6*b + 26. Let q = -152 + 148. What are the prime factors of z(q)?
2
What are the prime factors of 4135 - (7 + -12)*(-9)/15?
2, 1033
Suppose -3*d - 3*i = -189, -5*d - i + 494 = 159. Let m = d - -327. List the prime factors of m.
5, 79
Let h(c) = 27813*c**2 - 367*c - 367. What are the prime factors of h(-1)?
3, 73, 127
Suppose -d + m + 77 = -0*d, -4*d + 3*m = -309. Let i = 278 - 183. Let t = i - d. What are the prime factors of t?
17
Let a = 26 + -28. Let o(i) = 41*i**3 + 6*i**2 + 7*i - 21. Let n(q) = -21*q**3 - 3*q**2 - 4*q + 11. Let c(y) = -11*n(y) - 6*o(y). List the prime factors of c(a).
109
Let p(u) = 12*u - 23. Let t be p(2). What are the prime factors of 33*(0 + 0 - (t + -12))?
3, 11
Let i(m) = -2*m + 35. Let h = -12 - -27. Let o be i(h). Suppose -2*q - q + 75 = 2*v, -o*v + 4*q + 245 = 0. What are the prime factors of v?
3, 5
Suppose -2*b - 3*n - 8 = -6*b, 5*n = 0. Suppose 1868 = -b*d + 6*d - 3*t, -5*t - 2335 = -5*d. What are the prime factors of d?
467
Suppose 5*d + 182 = 137. Let w(t) = 28*t + 333. What are the prime factors of w(d)?
3
Suppose -3*t + f = -2 + 124, -5*f + 25 = 0. Let i be 1339/t*(-7 - -1). Suppose -4*g = -2*g - i. What are the prime factors of g?
103
Suppose 0 = 24*v - 77*v + 4047292. What are the prime factors of v?
2, 17, 1123
Suppose 2*q = 4*h - 5950, -h - 3*q + 460 + 1017 = 0. Suppose h = 2*i + 5*v + 6, 0 = -i - 3*v + 741. What are the prime factors of i?
3, 5, 7
Suppose 2*p = 4*j - 0*j - 58, -2*j = 2*p - 26. Let z(i) = 8*i + 50. Let v(o) = -14*o - 101. Let g(r) = -3*v(r) - 5*z(r). What are the prime factors of g(j)?
3
Suppose 0 = 21*m - 22*m. Suppose m = -h - 5*w + 2*w - 291, 5*w - 5 = 0. Let a = -151 - h. What are the prime factors of a?
11, 13
Let b(u) be the third derivative of -u**6/120 - 7*u**5/20 + 19*u**4/24 + 2*u**3 + u**2. Let